n factor of 3281 and j.
17
Let d = 115 + -118. Let g be 14 + ((-1)/d - 17/(-3)). Let a(o) = -6*o**3 + o**2 - 3*o. Let m be a(-3). What is the highest common divisor of g and m?
20
Let a be (-240)/(-75) - 1/(-5)*4. Suppose 5*i + 2*d - 55 = 0, -8*i - 4*d = -a*i - 44. Calculate the highest common divisor of i and 2.
1
Let a be (24/15)/((-21)/(-105)) - -53. What is the greatest common divisor of 1769 and a?
61
Let f be -6 + -18*(-6)/12. Suppose -f*d - 103 = -2*u - 4*d, 1 = -d. Let w = 4 - 0. What is the greatest common divisor of w and u?
4
Let u be -4*-2*(41 + 0). Let s be 1/8 + ((-218)/(-12))/(4/9). Calculate the greatest common factor of u and s.
41
Let q(f) = -f + 56. Let p be q(0). Let i = 1225 - 845. Let l = -366 + i. What is the greatest common factor of l and p?
14
Let w(i) = -4*i**2 + 85*i - 69. Let u be w(20). Suppose 0*h + 140 = 4*h. Suppose -h*t = -u*t - 8. Calculate the greatest common divisor of 5 and t.
1
Let a = 32782 - 26394. What is the highest common divisor of a and 2?
2
Suppose -10*g + 5*n = -13*g + 1323, 0 = -5*n. Calculate the highest common factor of 392 and g.
49
Let l(g) = 5*g - 5. Let v(c) = -4*c + 6. Let f(q) = 6*l(q) + 7*v(q). Let o be f(-1). Calculate the highest common factor of o and 145.
5
Let y(m) = m**3 - 7*m**2 + 15*m - 28. Let c be y(6). Calculate the highest common factor of 12246 and c.
26
Let a be ((-303)/6 - 1)*2*-1. Let z = 94 - a. Let o(k) = k**2 + k. Let p be o(z). Calculate the highest common divisor of p and 8.
8
Let z be (216/2)/((-78)/(-104)) + -3 + -1. What is the greatest common factor of 9380 and z?
140
Suppose -7 = -m + d, -m - m + d = -12. Let i = -30 + 32. Let b be (-60)/(-3)*1/i. What is the greatest common divisor of m and b?
5
Let v = 32108 - 27816. What is the greatest common factor of 2 and v?
2
Suppose -5*m - 4*a = -76, 315*a - 318*a + 60 = 4*m. What is the highest common factor of m and 2298?
6
Let s(a) = -a**3 + 5*a**2 + 19*a - 13. Let m be 90/14 - (-252)/441. Let c be s(m). Calculate the greatest common factor of c and 374.
22
Suppose -5*c + 490 = -a, -5*c + 196 = -3*c + 3*a. Let l be 1717/7 - 2/7. What is the greatest common factor of c and l?
49
Suppose 0 = 18841*s - 18804*s - 888. Suppose -m = 2*b + b - 585, -m + 4*b + 620 = 0. Calculate the greatest common divisor of m and s.
24
Suppose -4*q + 5*l = -526 - 124, -2*q + 312 = 4*l. Calculate the greatest common factor of 1160 and q.
40
Suppose 115*s - 121*s = -4074. Suppose 6*u + 5*y = 2*u + s, 0 = -u - 2*y + 169. Calculate the greatest common divisor of 57 and u.
57
Suppose -229*b - 59127 = -300814 - 386918. What is the highest common factor of 183 and b?
183
Let o = -75 - -63. Let b be (o/(-6))/(-4)*(-142 + -2). Calculate the greatest common divisor of b and 9.
9
Suppose j = -1, 40*h - 4*j + 288 = 44*h. What is the greatest common factor of h and 3869?
73
Let k(s) = -29*s - 86. Let q be k(-6). Suppose 2*h + 3*f - q = 119, -3*h - 4*f + 308 = 0. Calculate the greatest common divisor of 108 and h.
12
Let z be ((52 - -2)*8/12)/(-1). Let j be (-287)/(-15) + z/270. Calculate the highest common divisor of 323 and j.
19
Suppose 8*q - 2788 - 2260 = 2760. Calculate the highest common factor of q and 20.
4
Suppose 130 = 20*o - 7010. Calculate the highest common divisor of o and 119.
119
Suppose 3*p + u = 322, 1 + 0 = u. Let w = -69 + p. Calculate the highest common divisor of w and 57.
19
Suppose -1531 = -3*i - 5*j, 3*i + 2*j - 1316 = 209. Let r = i - -108. What is the highest common divisor of 15 and r?
15
Let b(h) = 783*h**2 + 2412*h - 9661. Let s be b(4). Calculate the greatest common divisor of s and 10.
5
Let n be 2 + 16 + (-1 - 5). Let m be (-5)/(-20)*n - -30. Calculate the highest common divisor of 22 and m.
11
Let g = -166 + 220. Let r = g - 29. Let p = 263 + -163. What is the greatest common factor of p and r?
25
Suppose 0 = 3*k + 2*k - 325. Let n = 109 - k. Let t be n/3*(-6)/(-4). What is the greatest common factor of t and 198?
22
Let d(b) = -644*b - 10932. Let h be d(-17). Suppose -4*m - 2*l = -420, -2*l + 516 = 5*m - 4*l. Calculate the highest common factor of m and h.
8
Let v be (-1206)/134 + (-309)/(-1). Calculate the highest common divisor of v and 1884.
12
Let t be 2 - ((-4)/(-8))/(4/(-1008)). Let x be -3 + 1 - (-1 + -9). What is the highest common factor of t and x?
8
Let j be 88 + -1 - (-52 + 59). What is the greatest common divisor of j and 1960?
40
Let g = 11 - 9. Suppose -g*x + 7*x = 10. Let i = -28 + 46. Calculate the highest common factor of i and x.
2
Suppose -5*r + 3*o = -629, -r + 3*r = 5*o + 244. Suppose 2*p - 61 = r. Let k = 193 - p. Calculate the highest common divisor of 9 and k.
9
Suppose -24*q + 1070 = -54719 - 13571. What is the highest common factor of q and 20?
10
Suppose s = 3*r - 10, 22 = r + 4*r - 3*s. Suppose v + 0*v = 9. Let k = 11 - v. Calculate the greatest common factor of r and k.
2
Let z = -109665 + 162340. Calculate the highest common factor of z and 43.
43
Let l be ((-35)/10 - -4)*(-644)/(-14). Calculate the highest common divisor of l and 5244.
23
Suppose 0 = -3*x + 5*d + 91, 0*x + x + 4*d - 2 = 0. Let c = 860 + -870. Let j be (-5*4/c)/(4/x). Calculate the highest common factor of j and 88.
11
Let x = 6 + -3. Let p(n) = 7*n + 154 - 11*n - 159 + 9*n. Let o be p(x). What is the highest common divisor of o and 170?
10
Suppose 16779 = 34*u - 17*u. Calculate the greatest common factor of 282 and u.
141
Suppose 3*n + 2*w = 31739, 4655 = -3*n + 5*w + 36450. What is the highest common factor of 290 and n?
145
Suppose 5*v - 68 = 82. Let y(j) = 55985*j + 56155. Let c be y(-1). What is the highest common factor of v and c?
10
Let o be (24 + -18)*(-884)/(-24). What is the greatest common divisor of o and 2925?
13
Suppose -43*y + 64 = -39*y. Let c = -1166 - -1918. Calculate the greatest common factor of y and c.
16
Let n(o) = 17*o**2 + 18*o - 13. Let x = 303 + -306. Let s be n(x). What is the greatest common factor of s and 215?
43
Let d = 10 + -16. Let m be (4/d)/((-1)/3). Let f be (-8)/36*3*(-15)/1. What is the greatest common factor of f and m?
2
Suppose 5*l - 9 = 8*l. Let h be (4/12)/(l/(-27)). Let z be ((-3)/(-6))/(h/132). Calculate the highest common factor of z and 55.
11
Suppose -4*b - 530 = b. Let k = -62 - b. Let v = k + 145. Calculate the highest common factor of v and 21.
21
Let q be (-2 - -3) + (-1296)/(-8). Let h = q - -149. Calculate the greatest common divisor of h and 39.
39
Let u be (-2025)/54*(-144)/30. What is the highest common divisor of 250 and u?
10
Let p = 177324 + -177256. Suppose 99 = -w - 15. Let b = -80 - w. What is the greatest common factor of b and p?
34
Suppose -64 = -0*u - 2*u + 16. Calculate the greatest common divisor of 10180 and u.
20
Let z(k) = 3*k**2 + 139*k - 46. Let t be z(-47). Calculate the highest common divisor of 48 and t.
48
Let z = 1295 - 1166. Calculate the greatest common divisor of 24 and z.
3
Suppose -653 - 999 = -61*b - 257 + 557. Let j = 483 - 51. Calculate the greatest common divisor of b and j.
16
Let x(m) = -150*m**3 - 10*m**2 - 14*m. Let k be x(-3). Calculate the greatest common factor of k and 184.
46
Let z be ((-60)/(-420))/((-1)/(-14)). Let y(c) = 52*c - 44. Let d be y(z). Calculate the highest common factor of 480 and d.
60
Let w(o) = 24*o + 6. Let y be w(5). Suppose -228 = -4*p - 2*m, 3*p = p - 4*m + y. Let b = 61 - p. What is the highest common divisor of b and 78?
6
Suppose -12*s = -6463 - 11069. Calculate the greatest common divisor of 6 and s.
3
Suppose 1821 = -6*x + 6477. Suppose 2020 + 1821 = -5*i - 3*j, -i = -2*j + x. Let l be ((i/4)/7)/((-1)/6). What is the highest common factor of 33 and l?
33
Let z = 26233 - 26217. Suppose -v = 2*v - 72. Calculate the highest common factor of z and v.
8
Let b(z) be the third derivative of -z**5/60 + 19*z**4/24 + z**3/3 - 98*z**2. Let i be b(13). Calculate the highest common divisor of i and 25.
5
Let o be 56 + (-4 + 0 - -2). Suppose -6*z + 4*z - 4*b + 180 = 0, -3*b - 180 = -2*z. What is the highest common divisor of z and o?
18
Suppose 494 = -3*r + 266. Let a = r + 154. Let c = -61 + a. Calculate the highest common factor of 119 and c.
17
Suppose 2*l - 14 = -5*l. Suppose w = -4*a + 63, 0 = l*a + 14 - 4. Calculate the greatest common factor of w and 498.
83
Let i be 78*(3 - 2)*1. Let x(b) = 29*b + 